der when 8335 is divided by 11?
8
What is the remainder when 25 is divided by 24?
1
Calculate the remainder when 653 is divided by 9.
5
What is the remainder when 660 is divided by 37?
31
Calculate the remainder when 592 is divided by 18.
16
Calculate the remainder when 847 is divided by 10.
7
Calculate the remainder when 70 is divided by 28.
14
What is the remainder when 151 is divided by 85?
66
Calculate the remainder when 672 is divided by 9.
6
What is the remainder when 213 is divided by 84?
45
Calculate the remainder when 949 is divided by 14.
11
What is the remainder when 477 is divided by 160?
157
What is the remainder when 47 is divided by 17?
13
Calculate the remainder when 2469 is divided by 21.
12
Calculate the remainder when 5919 is divided by 94.
91
Calculate the remainder when 26063 is divided by 16.
15
What is the remainder when 644 is divided by 81?
77
Calculate the remainder when 2135 is divided by 63.
56
Calculate the remainder when 19 is divided by 7.
5
Calculate the remainder when 15158 is divided by 114.
110
What is the remainder when 51 is divided by 6?
3
Calculate the remainder when 1517 is divided by 66.
65
Calculate the remainder when 89 is divided by 7.
5
What is the remainder when 3955 is divided by 14?
7
Calculate the remainder when 47 is divided by 25.
22
Calculate the remainder when 1755 is divided by 88.
83
What is the remainder when 158 is divided by 26?
2
What is the remainder when 1175 is divided by 24?
23
What is the remainder when 399 is divided by 105?
84
What is the remainder when 23714 is divided by 45?
44
Calculate the remainder when 247 is divided by 51.
43
What is the remainder when 55 is divided by 19?
17
Calculate the remainder when 116 is divided by 45.
26
Calculate the remainder when 817 is divided by 76.
57
What is the remainder when 98 is divided by 33?
32
Calculate the remainder when 671 is divided by 333.
5
What is the remainder when 422 is divided by 138?
8
Calculate the remainder when 281 is divided by 67.
13
Calculate the remainder when 113 is divided by 53.
7
Calculate the remainder when 541 is divided by 177.
10
Calculate the remainder when 528 is divided by 102.
18
What is the remainder when 623 is divided by 126?
119
What is the remainder when 844 is divided by 77?
74
What is the remainder when 10017 is divided by 43?
41
Calculate the remainder when 111 is divided by 49.
13
What is the remainder when 89 is divided by 25?
14
Calculate the remainder when 407 is divided by 12.
11
What is the remainder when 3827 is divided by 67?
8
Calculate the remainder when 25 is divided by 17.
8
What is the remainder when 1210 is divided by 293?
38
What is the remainder when 65 is divided by 24?
17
Calculate the remainder when 294 is divided by 147.
0
Calculate the remainder when 2133 is divided by 89.
86
Calculate the remainder when 967 is divided by 480.
7
Calculate the remainder when 169 is divided by 70.
29
Calculate the remainder when 174 is divided by 22.
20
What is the remainder when 103 is divided by 54?
49
What is the remainder when 1408 is divided by 94?
92
Calculate the remainder when 1482 is divided by 212.
210
Calculate the remainder when 5718 is divided by 1901.
15
Calculate the remainder when 365 is divided by 92.
89
Calculate the remainder when 60 is divided by 36.
24
What is the remainder when 686 is divided by 79?
54
What is the remainder when 183 is divided by 22?
7
Calculate the remainder when 1287 is divided by 76.
71
What is the remainder when 1457 is divided by 41?
22
Calculate the remainder when 3624 is divided by 93.
90
What is the remainder when 545 is divided by 91?
90
Calculate the remainder when 1918 is divided by 1906.
12
What is the remainder when 618 is divided by 5?
3
What is the remainder when 77 is divided by 40?
37
Calculate the remainder when 59 is divided by 15.
14
What is the remainder when 7788 is divided by 147?
144
What is the remainder when 60 is divided by 16?
12
What is the remainder when 118 is divided by 10?
8
What is the remainder when 1278 is divided by 185?
168
Calculate the remainder when 2907 is divided by 182.
177
Calculate the remainder when 4449 is divided by 1111.
5
What is the remainder when 162 is divided by 33?
30
What is the remainder when 105 is divided by 54?
51
What is the remainder when 24 is divided by 23?
1
What is the remainder when 637 is divided by 58?
57
Calculate the remainder when 231 is divided by 36.
15
What is the remainder when 2480 is divided by 23?
19
Calculate the remainder when 165 is divided by 24.
21
What is the remainder when 16925 is divided by 171?
167
What is the remainder when 286 is divided by 7?
6
What is the remainder when 1409 is divided by 23?
6
What is the remainder when 1323 is divided by 51?
48
Calculate the remainder when 204 is divided by 52.
48
What is the remainder when 99 is divided by 50?
49
What is the remainder when 2773 is divided by 111?
109
What is the remainder when 756 is divided by 11?
8
Calculate the remainder when 1116 is divided by 26.
24
What is the remainder when 283 is divided by 9?
4
Calculate the remainder when 5845 is divided by 25.
20
What is the remainder when 393 is divided by 16?
9
Calculate the remainder when 310 is divided by 51.
4
Calculate the remainder when 929 is divided by 31.
30
Calculate the remainder when 1513 is divided by 496.
25
Calculate the remainder when 1734 is divided by 124.
122
Calculate the remainder when 475 is divided by 45.
25
What is the remainder when 255 is divided by 15?
0
Calculate the remainder when 884 is divided by 8.
4
What is the remainder when 309 is divided by 69?
33
What is the remainder when 552 is divided by 105?
27
What is the remainder when 68 is divided by 46?
22
What is the remainder when 524 is divided by 60?
44
What is the remainder when 96 is divided by 86?
10
What is the remainder when 166 is divided by 10?
6
Calculate the remainder when 634 is divided by 7.
4
What is the remainder when 1943 is divided by 75?
68
Calculate the remainder when 716 is divided by 125.
91
What is the remainder when 1019 is divided by 17?
16
What is the remainder when 134 is divided by 31?
10
Calculate the remainder when 552 is divided by 79.
78
Calculate the remainder when 949 is divided by 187.
14
What is the remainder when 605 is divided by 217?
171
What is the remainder when 779 is divided by 3?
2
What is the remainder when 575 is divided by 36?
35
Calculate the remainder when 875 is divided by 431.
13
What is the remainder when 218 is divided by 102?
14
What is the remainder when 1075 is divided by 34?
21
Calculate the remainder when 87 is divided by 22.
21
What is the remainder when 591 is divided by 21?
3
What is the remainder when 108 is divided by 57?
51
Calculate the remainder when 535 is divided by 151.
82
What is the remainder when 279 is divided by 8?
7
What is the remainder when 333 is divided by 315?
18
What is the remainder when 401 is divided by 135?
131
What is the remainder when 521 is divided by 15?
11
Calculate the remainder when 462 is divided by 151.
9
Calculate the remainder when 608 is divided by 21.
20
What is the remainder when 13 is divided by 5?
3
Calculate the remainder when 9291 is divided by 11.
7
Calculate the remainder when 7401 is divided by 308.
9
Calculate the remainder when 365 is divided by 23.
20
Calculate the remainder when 3067 is divided by 32.
27
What is the remainder when 222 is divided by 26?
14
Calculate the remainder when 2252 is divided by 23.
21
Calculate the remainder when 143 is divided by 27.
8
Calculate the remainder when 418 is divided by 109.
91
Calculate the remainder when 583 is divided by 18.
7
What is the remainder when 137 is divided by 35?
32
Calculate the remainder when 4921 is divided by 46.
45
Calculate the remainder when 621 is divided by 104.
101
Calculate the remainder when 37 is divided by 23.
14
What is the remainder when 730 is divided by 61?
59
What is the remainder when 171 is divided by 29?
26
Calculate the remainder when 801 is divided by 263.
12
What is the remainder when 366 is divided by 116?
18
Calculate the remainder when 323 is divided by 90.
53
What is the remainder when 772 is divided by 8?
4
What is the remainder when 5094 is divided by 4?
2
What is the remainder when 36 is 